e 204062?
False
Does 7 divide 168749?
True
Is 300 a factor of 54702?
False
Does 189 divide 193631?
False
Does 1074 divide 11496096?
True
Is 5 a factor of 205124?
False
Does 4 divide 640357?
False
Is 851200 a multiple of 256?
True
Does 72 divide 31755?
False
Is 305004 a multiple of 69?
False
Does 50 divide 577600?
True
Is 5 a factor of 220990?
True
Does 73 divide 105704?
True
Is 1420997 a multiple of 10?
False
Does 231 divide 7044227?
False
Is 14 a factor of 318244?
False
Is 15 a factor of 2349868?
False
Is 8 a factor of 4425256?
True
Is 449481 a multiple of 17?
False
Is 1139218 a multiple of 26?
False
Does 5 divide 27840?
True
Is 242504 a multiple of 6?
False
Is 51 a factor of 1886119?
False
Is 55616 a multiple of 23?
False
Is 3 a factor of 3484843?
False
Is 171 a factor of 1565886?
False
Does 32 divide 699186?
False
Is 251 a factor of 4305905?
True
Does 285 divide 9074970?
True
Does 20 divide 3628800?
True
Is 758 a factor of 1672898?
False
Is 236 a factor of 1818616?
True
Is 3128441 a multiple of 10?
False
Is 6 a factor of 10053?
False
Does 332 divide 51476?
False
Is 799 a factor of 5151153?
True
Is 14 a factor of 177060?
False
Does 1525 divide 5389742?
False
Is 6117587 a multiple of 164?
False
Does 2 divide 28957?
False
Is 16 a factor of 365442?
False
Does 9 divide 66510?
True
Is 13952 a multiple of 4?
True
Is 339 a factor of 34756992?
True
Does 15 divide 247483?
False
Is 1662424 a multiple of 38?
True
Is 212111 a multiple of 5?
False
Is 4144651 a multiple of 333?
False
Is 554450 a multiple of 50?
True
Does 17 divide 53125?
True
Is 247 a factor of 290966?
True
Does 77 divide 1659504?
True
Is 313538 a multiple of 446?
True
Does 7 divide 27671?
True
Does 56 divide 46312?
True
Is 361008 a multiple of 18?
True
Is 21 a factor of 19362?
True
Does 144 divide 2519218?
False
Is 620169 a multiple of 94?
False
Does 650 divide 3138554?
False
Is 6303094 a multiple of 526?
False
Is 10 a factor of 7971880?
True
Is 37 a factor of 397972?
True
Is 3 a factor of 463211?
False
Is 25 a factor of 61800?
True
Does 31 divide 281442?
False
Is 15 a factor of 15079?
False
Is 14 a factor of 5220423?
False
Does 42 divide 628110?
True
Is 279 a factor of 2392255?
False
Is 124418 a multiple of 67?
False
Does 8 divide 607682?
False
Does 23 divide 91686?
False
Does 151 divide 412505?
False
Is 458582 a multiple of 25?
False
Is 85 a factor of 1761200?
True
Does 434 divide 728252?
True
Is 23 a factor of 28589?
True
Is 219936 a multiple of 58?
True
Is 17 a factor of 944168?
False
Is 210132 a multiple of 78?
True
Is 4 a factor of 156227?
False
Is 87637 a multiple of 11?
True
Does 58 divide 312968?
True
Is 329068 a multiple of 3?
False
Is 2898167 a multiple of 103?
False
Is 4659137 a multiple of 649?
False
Does 61 divide 388761?
False
Is 417 a factor of 4413945?
True
Does 29 divide 20416?
True
Is 179 a factor of 1787494?
True
Is 2190020 a multiple of 10?
True
Is 15 a factor of 2886887?
False
Is 49 a factor of 8383349?
False
Does 321 divide 776328?
False
Does 695 divide 9597719?
False
Is 2483190 a multiple of 17?
True
Is 181 a factor of 263817?
False
Is 29 a factor of 995019?
True
Does 14 divide 3314318?
True
Is 26520 a multiple of 120?
True
Is 247066 a multiple of 262?
True
Does 32 divide 42432?
True
Is 9 a factor of 1250172?
True
Is 80 a factor of 462640?
True
Is 19 a factor of 1686616?
False
Is 20 a factor of 656587?
False
Is 3609962 a multiple of 38?
True
Does 50 divide 677575?
False
Is 23331122 a multiple of 242?
False
Is 83421 a multiple of 15?
False
Is 75 a factor of 4875?
True
Is 331482 a multiple of 101?
True
Is 33887 a multiple of 114?
False
Does 25 divide 258539?
False
Does 576 divide 3416832?
True
Does 31 divide 620589?
True
Is 1078656 a multiple of 24?
True
Is 127699 a multiple of 13?
True
Is 98 a factor of 3043897?
False
Does 28 divide 10470992?
True
Is 172 a factor of 5933828?
True
Does 36 divide 136436?
False
Is 209735 a multiple of 5?
True
Is 256 a factor of 728827?
False
Does 7 divide 64073?
False
Does 6 divide 2652602?
False
Is 1204344 a multiple of 516?
True
Is 373857 a multiple of 493?
False
Is 55753 a multiple of 55?
False
Is 230 a factor of 5088997?
False
Does 7 divide 8434706?
True
Is 14305650 a multiple of 674?
True
Does 16 divide 481872?
True
Is 13 a factor of 8122985?
True
Is 4302962 a multiple of 19?
False
Is 147450 a multiple of 10?
True
Does 12 divide 10989?
False
Is 47 a factor of 3126064?
True
Is 72 a factor of 20268576?
True
Is 13 a factor of 433316?
True
Is 744960 a multiple of 320?
True
Does 771 divide 9150999?
True
Does 5 divide 34426?
False
Is 806174 a multiple of 356?
False
Does 77 divide 3076271?
False
Is 46 a factor of 1092776?
True
Does 7 divide 82835?
False
Is 159160 a multiple of 184?
True
Is 5 a factor of 210820?
True
Is 193 a factor of 2146160?
True
Is 845921 a multiple of 49?
False
Is 3252679 a multiple of 181?
False
Is 48430 a multiple of 29?
True
Is 669574 a multiple of 2?
True
Does 21 divide 142548?
True
Does 9 divide 280014?
False
Is 304 a factor of 3972243?
False
Is 749142 a multiple of 3?
True
Is 42 a factor of 698502?
True
Is 726496 a multiple of 73?
True
Is 94 a factor of 56863?
False
Does 39 divide 5473885?
False
Is 1236078 a multiple of 7?
False
Is 184 a factor of 307648?
True
Does 128 divide 3511242?
False
Is 81 a factor of 87399?
True
Is 107 a factor of 4374648?
False
Does 179 divide 488133?
True
Is 85 a factor of 10123547?
False
Is 109915 a multiple of 65?
True
Does 22 divide 153660?
False
Is 206 a factor of 3378606?
True
Is 497098 a multiple of 14?
True
Does 87 divide 5632150?
False
Is 574480 a multiple of 59?
False
Is 9232633 a multiple of 1018?
False
Does 472 divide 5488697?
False
Is 17 a factor of 832242?
False
Does 124 divide 1623408?
True
Does 215 divide 1002272?
False
Does 26 divide 680824?
False
Is 27 a factor of 174167?
False
Is 319 a factor of 322190?
True
Does 3 divide 9186590?
False
Is 60675 a multiple of 25?
True
Does 46 divide 1773933?
False
Is 369 a factor of 2791337?
False
Is 703527 a multiple of 11?
True
Is 435301 a multiple of 18?
False
Is 4693107 a multiple of 55?
False
Does 277 divide 2271513?
False
Does 2 divide 730540?
True
Is 72577 a multiple of 5?
False
Does 105 divide 78042?
False
Is 60 a factor of 703327?
False
Is 349860 a multiple of 476?
True
Is 63 a factor of 85773?
False
Is 537 a factor of 6470850?
True
Is 35 a factor of 133261?
False
Is 13984164 a multiple of 12?
True
Is 4054941 a multiple of 123?
True
Is 653 a factor of 621656?
True
Is 37 a factor of 15843203?
False
Is 244647 a multiple of 17?
True
Does 14 divide 12924537?
False
Does 121 divide 408361?
False
Is 49320 a multiple of 90?
True
Is 531 a factor of 1403433?
True
Is 4864566 a multiple of 18?
False
Is 1923900 a multiple of 590?
False
Is 1177854 a multiple of 327?
True
Does 90 divide 20520?
True
Is 899286 a multiple of 30?
False
Is 1399166 a multiple of 10?
False
Is 87 a factor of 668160?
True
Is 45 a factor of 149647?
False
Is 11198134 a multiple of 78?
False
Does 23 divide 7503796?
True
Does 85 divide 1361530?
True
Is 8 a factor of 471671?
False
Is 14 a factor of 4376694?
True
Does 8 divide 2462528?
True
Is 133 a factor of 4636500?
False
Does 22 divide 7766?
True
Is 47 a factor of 418158?
False
Is 1534488 a multiple of 34?
True
Does 49 divide 1369759?
False
Is 147494 a multiple of 229?
False
Is 4 a factor of 229221?
False
Is 28 a factor of 4541?
False
Is 595 a factor of 1946245?
True
Is 685623 a multiple of 261?
False
Does 25 divide 36850?
True
Is 149 a factor of 224096?
True
Does 26 divide 3453008?
True
Does 14 divide 1684466?
True
Is 1326968 a multiple of 49?
False
Does 723 divide 10072836?
True
Does 85 divide 2890?
True
Is 9 a factor of 181281?
False
Is 20 a factor of 208900?
True
Is 536112 a multiple of 918?
True
Is 3242420 a multiple of 20?
True
Does 220 divide 86460?
True
Does 66 divide 1375214?
False
Does 12 divide 989280?
True
Is 628 a factor of 461580?
True
Does 3 divide 625491?
True
Is 13000573 a multiple of 212?
False
Does 3 divide 33455?
False
Does 68 divide 139974?
False
Does 5 divide 102719?
False
Does 87 divide 1987950?
True
Is 313 a factor of 309870?
True
Is 8030 a multiple of 11?
True
Is 100 a factor of 233100?
True
Is 83705 a multiple of 105?
False
Is 139 a factor of 205859?
True
Is 36 a factor of 314709?
False